a = 8*f - 179628, -a - 67357 = -3*f. List the prime factors of f.
11, 13, 157
Let j(a) = 52*a**2 - 3*a - 12. Let i = 499 + -494. What are the prime factors of j(i)?
19, 67
Let w(p) = 14*p + 8 + 5*p**2 + 0*p**2 - 3*p**2. Let v be w(-7). Suppose v*y + 84 = 10*y. What are the prime factors of y?
2, 3, 7
Suppose 48 = 20*z - 8*z. Suppose -z*l - 523 = -5*c, 0*l + 5*l - 299 = -3*c. List the prime factors of c.
103
Suppose -4*b - 81082 = -3*h - 3*b, 0 = -2*h - 4*b + 54064. List the prime factors of h.
2, 29, 233
What are the prime factors of (-25)/(-15) + (-10716668)/(-267)?
11, 41, 89
Let g = 128 + -93. Let l be 1060/g + (-3)/((-42)/(-4)). What are the prime factors of (-4 - 192/(-18))*l/1?
2, 5
Suppose -12*b = -9*b - 4*a - 1122, -a - 1483 = -4*b. List the prime factors of b.
2, 5, 37
Let j = 233195 - 159561. What are the prime factors of j?
2, 11, 3347
Let b be 391408/144 + 2/(-18). Suppose 16*k - b - 930 = 0. List the prime factors of k.
2, 3, 19
Let g(o) = o**2 + 2*o - 20. Let p be g(-6). What are the prime factors of (1 - (0 + p))*-67?
3, 67
Let p be -2 - -4 - 0 - (0 + -20). Suppose -i = 4*w - p, -3*i - w - 2 = -4*i. Suppose 2*g + 393 = 3*x, -i*x = -2*x - 2*g - 526. List the prime factors of x.
7, 19
Let x(t) = 4*t**2 - 15*t + 14. Let u be x(-11). Let d = u + -289. Suppose 3*y = y - h + d, 2*h + 554 = 3*y. List the prime factors of y.
2, 3, 31
Suppose 0 = -2*r - 3*r + 15. Let m(t) = 21*t**3 + t**2 - t + 16. Let j(h) = 10*h**3 + h**2 - h + 7. Let s(q) = 5*j(q) - 2*m(q). List the prime factors of s(r).
3, 79
Let k be (-4)/22 + (4 - 161270/(-55)). Suppose -7*p = p - k. What are the prime factors of p?
367
Let q(h) = 17*h**3 + 435*h**2 - 3*h - 46. What are the prime factors of q(-24)?
2, 7789
Let y = -716 + 2181. Suppose 5*r - 675 = y. List the prime factors of r.
2, 107
Let y be (-4 - -1)/((-12)/(-216)). Let q be (-10)/(-3)*(3 - y/(-30)). Suppose -q*u = -146 - 166. What are the prime factors of u?
2, 3, 13
Let i = 7458 + 7404. List the prime factors of i.
2, 3, 2477
Let v(s) = -2*s**2 - 20*s - 13. Let b be v(-9). Suppose b*y = 7*y. Suppose -7 = -y*z - z. List the prime factors of z.
7
What are the prime factors of 12/2*2094*4/(128/40)?
3, 5, 349
Let g = -8 - -39. Let x = 1006 + -1035. Let b = g - x. List the prime factors of b.
2, 3, 5
Suppose -w - 4*f = 11 + 3, 5*f = 4*w - 28. Suppose -665 + 757 = w*b. What are the prime factors of b?
2, 23
Suppose -73010 - 22624 = -21*k - 12*k. List the prime factors of k.
2, 3, 7, 23
Suppose 49 + 34 = g + a, 4*a + 178 = 2*g. Suppose 0 = s - 4*x - g, 3*s = 5*x + 262 - 35. List the prime factors of s.
3, 23
Suppose 3*i - 2*k - 18 = 0, -3*i + 22 = i - 2*k. Suppose 21*n - n = 100. Suppose 0 = z - i*q - 137, -n*z + 0*q + q = -685. What are the prime factors of z?
137
Let f be (0/2 - -2) + 0. Suppose -f*q = -9*q + 28. List the prime factors of (-6 - -5)/(q/(-572)).
11, 13
Let i(b) = 3*b - 48. Let g be i(16). List the prime factors of (g - (-1401)/5) + 1/(-5).
2, 5, 7
Suppose 1948667 - 4130 = 9*h + 20*h. List the prime factors of h.
3, 7, 31, 103
Let q(z) = 189*z**2 - 174*z - 55. List the prime factors of q(11).
2, 5, 11, 19
Let b = -733 + 300. Let z = 696 + b. What are the prime factors of z?
263
Suppose 10446 + 22761 = 4*m + o, 0 = -m - 3*o + 8310. What are the prime factors of m?
3, 2767
Let h = 9204 + 1273. List the prime factors of h.
10477
Let w = -628 - -1757. What are the prime factors of w?
1129
Let w be 100/28 - (-28)/(-49). What are the prime factors of w + -11 + 3 - (-602 - -9)?
2, 3, 7
Let m(t) = t**2 + 18*t - 24. Let h be m(-9). Let p = 62 - h. List the prime factors of p.
167
Let g(j) = 526*j + 19. Let i(p) = -p**3 - 4*p**2 + 3*p - 8. Let k be i(-5). List the prime factors of g(k).
3, 7, 17
Suppose -4*o - 5*z - 96 = 0, 2*o + 48 = 3*z - 5*z. Let k = o - -27. Suppose k*w - 752 = -w - u, 5*u = -w + 207. List the prime factors of w.
11, 17
Suppose 0 = 5*f + 2*a - 91375, -51*a = 3*f - 56*a - 54794. List the prime factors of f.
3, 6091
Suppose -5*d - 54 = 2*y + 93, -158 = 3*y - 5*d. Suppose -5*j - 15 = 0, -193 + 543 = 4*t + 2*j. Let h = y + t. List the prime factors of h.
2, 7
Let h be (-324)/(-8)*112/6. Let g(b) = 49*b + 5. Let v be g(0). Suppose m = 3*s - 567, -v*s = -s + 4*m - h. What are the prime factors of s?
3, 7
Let t = 164872 + -116887. List the prime factors of t.
3, 5, 7, 457
Let h(x) = -8*x**3 + 8*x**2 + 11*x + 23. List the prime factors of h(-7).
2, 23, 67
Suppose -2*v = 30*j - 26*j + 20, -5*j = -v + 18. Let k(s) = 9*s**2 + 26*s**2 - s + 2 + 2. What are the prime factors of k(v)?
2, 73
Suppose -2*a - o = -21, o = -a + 19 - 7. Let u be 20/a + ((-64)/(-36))/(-8). Suppose 28 = u*l - 74. List the prime factors of l.
3, 17
Let n = 35 - 28. Suppose -s - n*s - 1592 = 0. Let w = -117 - s. What are the prime factors of w?
2, 41
Let x = 80 - 71. What are the prime factors of (-17 - 0)*(-49 + x)?
2, 5, 17
Let c(w) = 3*w**3 - 52*w**2 + 257*w + 404. What are the prime factors of c(26)?
2, 11, 19, 59
What are the prime factors of 19098 + (7 - 8 - 3)?
2, 9547
Suppose 3*h - 5*m + 62 = 0, 0*h + 16 = -2*h - 3*m. Let k(g) = -5*g - 22. Let q be k(h). Suppose -2*z + 96 = -q. What are the prime factors of z?
2, 3
Let j be (-22)/(-99) + 382/(-18). What are the prime factors of -6 - 7*(2 + j) - 1?
2, 3, 7
Let p(o) = -6 + 5 - 516*o - 7. Let m be p(-2). What are the prime factors of (-4)/6 - m/(-24)?
2, 3, 7
Suppose -38*c + 27 = -125. Suppose -3*y + 5079 = c*w, 4*w + 5*y - 5089 = -0*y. List the prime factors of w.
2, 3, 211
Let r = -1017 + 2206. List the prime factors of r.
29, 41
Suppose 3*v + 393 = 5*q - 4284, 4*v + 949 = q. Let p = q + -532. List the prime factors of p.
401
Let s(w) = -68*w - 331. What are the prime factors of s(-46)?
2797
Suppose -13*t - 6 = -15*t. Suppose 2101 = 5*w - t*g, -2*g = -w - 0*g + 416. List the prime factors of w.
2, 211
Suppose 809*z = 1031*z - 7969134. What are the prime factors of z?
35897
Suppose -12443313 - 82305 = -427*l. List the prime factors of l.
2, 3, 4889
Suppose 54*b = 57*b - 783. Suppose -b = w - 873. List the prime factors of w.
2, 3, 17
Let t(j) = -406*j - 8. Let z be t(-3). Let c = z - 551. List the prime factors of c.
659
Let f(d) = d + 5. Let p be f(10). Let t be (-2)/(-5 + -1)*p. Suppose 0 = o - 2*i - 199, -t*i + 281 = 2*o - 153. What are the prime factors of o?
3, 23
Let l = -15 + 25. Suppose 7235 = 4*c + 5*n, 2*c + l*n - 3623 = 13*n. List the prime factors of c.
2, 5, 181
Suppose 28*a - 22*a - 78 = 0. Suppose -a*v = -0*v - 11167. What are the prime factors of v?
859
Let x be ((-3)/9)/1*0. Suppose x = z - 463 - 232. Suppose 0 = -b - 5, 4*b = 5*r + b - z. What are the prime factors of r?
2, 17
Let t = -497 - -1707. List the prime factors of t.
2, 5, 11
Let f(c) = 310*c**2 - 83*c - 489. What are the prime factors of f(-6)?
3, 17, 73
Suppose 3*s + 0*x + 2*x = -635, -615 = 3*s - 3*x. Let j = s - -294. List the prime factors of j.
5, 17
Let z(i) = -48*i**3 + 2*i**2 + 2*i + 1. Let b be z(-1). Suppose b*d + 414 = 52*d. What are the prime factors of d?
2, 3, 23
List the prime factors of (-923)/(4/(-14) + (-55)/(-385)) + 3.
2, 101
Let l(z) = -13*z**3 - 2*z**2 + 30*z - 84. List the prime factors of l(-10).
2, 97
Let q be 4/(-10) - (-310)/25. Let o = q - -6. What are the prime factors of ((-60)/(-9))/(2/o)?
2, 3, 5
Suppose -15 = -6*f + 4*f - 5*w, -4*f + 4*w - 12 = 0. Suppose 51 = 5*l + 3*b, f*l - 4*b + 12 = 2*l. List the prime factors of l.
2, 3
Let y be (-1*(-1)/2)/(8/48). Let j(n) = 287*n - 27. List the prime factors of j(y).
2, 3, 139
What are the prime factors of -89 + 96 - (1 + 127526/(-2))?
43, 1483
Let a(s) = 3394*s**2 - 40*s + 70. What are the prime factors of a(2)?
2, 3, 7, 17, 19
Suppose 3*g + 4*r = 14, 0*g + 3*r = g - 22. List the prime factors of 1284/g + -8 + 344/40.
3, 43
Let z(w) = -w + 14. Let k be z(8). Let i be k/4*(-8)/(-3). Suppose 3*s - 2*b = -i*b + 97, 2*s - 4*b = 86. List the prime factors of s.
5, 7
What are the prime factors of ((-876)/(-584))/((-2)/(-584))?
2, 3, 73
Let l(x) = 8*x + 1. Let a(p) = -35*p - 305. Let v(j) = a(j) - 4*l(j). What are the prime factors of v(-9)?
2, 3, 7
Let f(u) = -2*u**2 - 5*u - 5. Let s be f(-2). Let m(q) = -q**3 - 2*q**2 + 6. Let o be m(s). Suppose o*z = 1449 - 294. What are the prime factors of z?
7, 11
Suppose -7*p + 20*p